of g and u?
15
Let l = -7 + 12. Suppose 29 = l*o - 86. Let q = -12 + o. Calculate the highest common divisor of 44 and q.
11
Let j be -2 + 4 - (-4)/1. Let l = -31 - -61. What is the highest common divisor of j and l?
6
Let y = 12 - 8. Suppose y*l - 21 = 3*l. What is the greatest common factor of 14 and l?
7
Let z be -18*(6/(-4) - 1). Suppose s + 3*f + 102 = 4*s, 0 = 3*s + 3*f - 78. What is the highest common factor of z and s?
15
Let u be -2 + 30 + (6/3 - 0). What is the highest common factor of u and 6?
6
Suppose 0*z - 3*z + 12 = 0. Suppose x = -v + 5, 4*x - 5*v - 44 = -15. What is the greatest common divisor of x and z?
2
Let z be (-3)/(-3 + 2)*-1. Let q be (-6)/4*(-688)/(-12). Let i be (-2)/z - q/6. What is the greatest common divisor of i and 5?
5
Let w be ((-8)/10)/(2/45). Let p be (-1786)/w + (-4)/18. What is the greatest common divisor of 11 and p?
11
Let n(d) = d + 4. Let b be n(-1). What is the greatest common factor of b and 3?
3
Suppose 0 = -t + 137 + 87. Suppose 0*u - 4*u + t = 0. What is the highest common factor of u and 7?
7
Suppose -2*i = 2*i - 396. Calculate the greatest common divisor of i and 9.
9
Let r = 70 + -43. Suppose 2*g - j - 62 = 0, g = -j + r + 1. Calculate the greatest common divisor of 15 and g.
15
Let f = 131 - 98. What is the highest common divisor of 3 and f?
3
Let w be (10/2)/(1/7). Let n = 2 + -33. Let z = -17 - n. Calculate the greatest common divisor of w and z.
7
Let h be 3/(-6) - (-17)/2. Suppose p - 47 + 7 = -2*b, 5*p = 4*b - 80. Let l be 2 - 2 - (-4 - b). Calculate the greatest common factor of h and l.
8
Suppose -13 - 1 = -j. Let h = 4 - -52. Calculate the highest common divisor of h and j.
14
Let w(z) = z. Let g be w(-2). Let m be (g - 0) + (1 - -2). Let o be (-38)/(-4)*10/m. Calculate the highest common divisor of 38 and o.
19
Let l(q) = q**3 + 6*q**2 + 3*q - 8. Let z be l(-5). Calculate the greatest common factor of 46 and z.
2
Let c(h) be the first derivative of -h**3/3 - 4*h**2 - 2*h - 1. Let l be c(-6). What is the highest common factor of l and 10?
10
Suppose 13*m = 293 + 461. What is the highest common factor of 464 and m?
58
Let n be ((-1)/1)/((-3)/33). Let j = 26 - n. Suppose j + 17 = 4*u. Calculate the highest common divisor of 2 and u.
2
Let c(d) be the third derivative of d**6/120 + d**5/30 - d**4/12 - d**3/2 + 7*d**2. Let z be c(3). Calculate the greatest common factor of 90 and z.
18
Let u = 5 - -2. Calculate the greatest common factor of 63 and u.
7
Let m be -2 - (-3)/((-9)/(-15)). Suppose 0*j = m*j - 24. Calculate the highest common factor of j and 88.
8
Suppose -3*p - 3*b + 6*b - 12 = 0, 3*p - 2*b + 7 = 0. Suppose 2*j + p = 5. Suppose 0 = -j*d + 2 + 54. What is the highest common divisor of d and 70?
14
Let g = 4 - 2. Suppose t + g*t - 232 = 4*q, 0 = -4*q - 16. Suppose -2*w - t = -4*d + 76, -199 = -5*d - w. Calculate the greatest common factor of d and 26.
13
Let b(s) = -7*s**2 - s. Let v be b(-1). Let c be 5 - -3*2/v. Calculate the greatest common factor of 28 and c.
4
Let s = 42 + -14. Calculate the greatest common divisor of s and 4.
4
Let d be (-448)/(-77) - (-2)/11. Let u be (-23)/(-2) + (-3)/d. What is the highest common divisor of u and 66?
11
Suppose -235 + 90 = -4*f + 3*o, -5*f - o + 205 = 0. What is the highest common divisor of f and 16?
8
Let h = 8 + -3. Suppose h*w = 2*w + 594. What is the greatest common factor of 22 and w?
22
Let u(o) = o**3 + 3*o**2 - 3*o + 4. Let t be u(-4). Suppose t = m - 2*m - s + 7, -5*m + 5*s = -85. Calculate the greatest common divisor of m and 48.
12
Let o(z) = -5*z**2 + 5*z - 2. Let l be o(3). Let p be -6*(l/6)/4. What is the greatest common factor of p and 72?
8
Let m be 3 + 3 - 1*-3. Calculate the highest common factor of 81 and m.
9
Suppose -5*p + 5*t + 88 = 3, -2*p + 3*t = -30. Suppose -119*q + 125*q = 18. Calculate the highest common factor of q and p.
3
Suppose -5*b + 70 = o, 4*b + 13 = -3*o + 69. Suppose 0 = 4*k + 4*h - 332, h + 249 = 2*k + 80. Calculate the greatest common divisor of k and b.
14
Suppose -4*j + 14 = -2*j - 2*g, 5*j + 5*g = 55. Let h(w) = 5*w**2 - w - 3. Let c be h(-4). Calculate the greatest common divisor of j and c.
9
Let q(b) = -b**2 + 10*b - 7. Let j be q(7). Calculate the highest common divisor of j and 56.
14
Suppose 5*a + 16 + 54 = 0. Let b be (-1)/((-1)/(1 - a)). Calculate the greatest common divisor of b and 165.
15
Let x = -41 + 57. Calculate the greatest common factor of x and 24.
8
Let m(g) = 98*g - 2. Let a be m(3). Suppose 5*u + 5*c - 500 = 0, -u + a = 2*u + c. Suppose 2*f + 0*f = u. Calculate the highest common factor of 12 and f.
12
Suppose -4*c + 5*c = 0. Suppose c*o - 6 = -o. Suppose 0 = -4*d - 46 + 142. Calculate the highest common divisor of o and d.
6
Let w(t) = t**2 + 108. Let d be w(0). Let a be (d/8)/(2/4). Calculate the greatest common divisor of 9 and a.
9
Let y be ((-26)/(-6))/((-2)/(-6)). Let s be (-6)/12*(-52)/1. Suppose 2*k + 6*t = t + 26, 2*k + t = s. What is the highest common divisor of y and k?
13
Let l(r) = -4 + 18*r**2 - 2 + 3 + 4*r. Let j be l(2). Let f(k) = -k**3 - 4*k**2 + 5*k + 11. Let y be f(-5). What is the highest common divisor of j and y?
11
Let d(f) = -f**3 + 2*f**2 + 3*f + 4. Let r be d(3). Suppose 2*g = r - 0, 5*g - 8 = n. What is the greatest common factor of n and 10?
2
Let y(n) = -n + 15. Let v be y(-24). Calculate the greatest common divisor of v and 26.
13
Let m(z) = 2*z + 33. Let b be m(-6). What is the greatest common divisor of 7 and b?
7
Suppose -4*l + 4*p + 133 = -p, -4*l - 4*p + 124 = 0. Suppose -6*n + 2*f + 18 = -2*n, 3*f = 3*n - 15. Calculate the highest common factor of n and l.
4
Suppose -8 = -3*a + 2*a. Calculate the greatest common divisor of 1 and a.
1
Let s(a) = 5*a**2 - 1. Suppose -2*t = 3*t - 5. Let c be s(t). Let y(l) = 4*l. Let p be y(c). Calculate the highest common divisor of 8 and p.
8
Let f be 10/45 + 2275/9. What is the greatest common divisor of f and 23?
23
Suppose 0 = -2*q + 7 - 23. Let r = q + 22. Calculate the greatest common divisor of 14 and r.
14
Let g = -1 + 2. Let m be (-1 - g)/((-6)/45). Let q(p) = p**2 - 3*p + 6. Let d be q(4). What is the greatest common divisor of m and d?
5
Let a = 64 - 12. What is the highest common factor of 13 and a?
13
Let v = 19 + -3. Calculate the greatest common factor of v and 24.
8
Suppose 5*b - 1 = 49. What is the greatest common factor of 20 and b?
10
Let x be 0 - (-3)/((-3)/(-70)). Let p(b) = b**2 - 2*b + 4. Let u = 8 + -2. Let a be p(u). Calculate the highest common divisor of a and x.
14
Suppose -3*v - 5*z = -z - 26, 5*z = v + 23. Suppose -3 = 5*k + v. Let i = 27 - k. Calculate the greatest common divisor of 70 and i.
14
Let f(d) = -114*d**3 + d**2 + d + 1. Let s be f(-1). Let o(p) = p**3 - 3*p**2 + 3*p - 5. Let m be o(4). Calculate the greatest common divisor of s and m.
23
Let v = 29 + -18. Calculate the greatest common factor of v and 11.
11
Let u = -8 + 23. Calculate the greatest common divisor of 15 and u.
15
Suppose -4*l = -8*l + 288. What is the greatest common divisor of 18 and l?
18
Let k = -183 - -263. Calculate the highest common divisor of 10 and k.
10
Let n(t) = 7*t - 4. Let v be n(4). Suppose -2*g - g = 4*k - 36, g = k - 16. What is the highest common divisor of v and k?
12
Let s = 76 - -152. Calculate the greatest common divisor of 12 and s.
12
Let o(b) = -b**3 + 11*b**2 + 2*b + 1. Let n be o(11). What is the greatest common factor of 207 and n?
23
Let n = -5 + 23. Suppose 14 = d + 3*q, 3*d = -5*q + 13 + 13. What is the highest common divisor of d and n?
2
Let y be (4/(-6))/(2/(-6)). Suppose -p - 21 = y*p. Let u(w) = -2*w + 1. Let v be u(p). What is the greatest common divisor of 15 and v?
15
Let u(t) = -t**2 + 5*t - 4. Let n be u(3). What is the greatest common divisor of 2 and n?
2
Let w = 32 - 52. Suppose -4*z + 2*z = 16. Let f = z - w. What is the greatest common factor of f and 6?
6
Let b(j) = -j**3 - 10*j**2 + 12*j + 14. Let y be 6/27 - (-202)/(-18). Let i be b(y). What is the greatest common divisor of i and 2?
1
Let z(b) = 2*b + 12. Let c be z(1). Calculate the greatest common factor of 98 and c.
14
Suppose -5*h + 6 - 109 = -3*r, r = -3*h + 39. What is the greatest common divisor of r and 24?
12
Let v(z) = z**2 - 4*z - 32. Let l be v(-7). Calculate the highest common facto